 4. Let k(y) = 11*m(y) + 2*r(y). Calculate k(j).
7
Let d(i) be the second derivative of 5/6*i**3 - i + 0 + 5/2*i**2 + 1/12*i**4. What is d(-5)?
5
Let c(p) = p**3 - 7*p**2 - 5*p + 4. Let m = 5 - 2. Let l(w) = -w**2. Let t(s) = m*l(s) - c(s). What is t(5)?
-4
Let z(s) = -42 + 79 - s**2 - 40 + 5*s. Give z(6).
-9
Suppose -4*w - 8 = k, -2*w - w = k + 5. Let r(m) = 4*m**2 - 1. Let l(c) = -5*c**2 - c + 2. Let h(u) = 3*l(u) + 4*r(u). Calculate h(k).
6
Let p(s) = 5*s - 6. Let h(y) = -11*y + 14. Let k(n) = 4*h(n) + 10*p(n). What is k(3)?
14
Suppose 0 = -2*c + 11 - 3. Suppose -n = n - j + 4, -j = c*n + 14. Let q(h) = 4 + 0*h - h - 2*h - h**2. Give q(n).
4
Let h(j) = 5*j**2 + 2*j - 8. Let k(o) = -9*o**2 - 4*o + 15. Let q(x) = -11*h(x) - 6*k(x). Let v be q(3). Let i(y) = -y**3 - 4*y**2 + 4*y - 1. Give i(v).
4
Let g = 8 + -11. Let d be (2/8)/((-4)/(-16)). Let l(f) = 0 - 1 + 3*f - 4 + d + 2*f**2. What is l(g)?
5
Let t(g) be the second derivative of -g**5/20 - 5*g**4/12 - 5*g**3/6 + 19*g. Calculate t(-4).
4
Let z(u) be the third derivative of u**7/2520 - u**6/720 + u**5/30 + u**4/6 - u**2. Let o(n) be the second derivative of z(n). Calculate o(0).
4
Let p(c) = c**3 - 6*c**2 - c + 5. Let m be (-384)/(-21) - (-2)/(-7). Let r be (-10)/(-3)*m/10. Calculate p(r).
-1
Let s(u) = u**3 + 4*u**2 - 1. Let j be s(-4). Let t(x) = -9*x + 3. Let r(w) = -5 + 4 + 3*w - 2 + 2. Let z(k) = -7*r(k) - 2*t(k). Calculate z(j).
4
Let z(h) = -h**3 - 4*h**2 + 2. Let c be z(-4). Let p(j) = -j**c + 1 + 4*j + j**2 + j**2. Suppose -2*f = n - 3 + 4, 2*n = 10. Determine p(f).
-2
Let o(k) be the first derivative of 1 + 1/3*k**3 - 5*k - 1/2*k**2. Give o(4).
7
Let o(u) = -u**2 + 2*u + 4. Let x(j) = -3*j**2 - 5*j + 2*j**2 - 9 + 4*j**2. Let v(c) = -5*o(c) - 2*x(c). Calculate v(-4).
-18
Let l(f) be the second derivative of 1/4*f**5 + 0 + 0*f**2 + 3*f + 1/6*f**3 - 1/6*f**4. Determine l(1).
4
Let s(y) = -y**2 - 4*y + 3. Let h be s(-3). Let u(r) = 11*r**3 - 14*r**3 + 5*r**2 + 2*r**3 + 7*r + 2 - 7. Calculate u(h).
1
Let v(j) = j**2 - 2*j - 5. Suppose 0 = -35*w + 30*w + 25. What is v(w)?
10
Let n be (-2)/(-5) + 24/(-10). Let g(f) = -f**3 + 2*f**3 + 2 + f**2 + 3*f**2 + 2*f - 2*f**2. Give g(n).
-2
Let r(p) be the first derivative of p**3/3 - 3*p**2 + 2*p + 4. Calculate r(6).
2
Suppose -5*r - 20 = -r. Let x = 4 + r. Let j(z) = -12*z**2 + 1. Calculate j(x).
-11
Let v(h) = -2*h**3 - 2*h - 3 + 0 + 4*h**3 + h**2 + 4. Determine v(1).
2
Let k(z) = -7*z. Suppose 5*b - 15 = 2*b. Suppose -b*t = -5 - 0. Suppose 3*q - 9 = 0, 3*q - 9 + t = w. Determine k(w).
-7
Let n(u) = 5*u - 8. Let i(c) = -2*c + 3. Let j(b) = 8*i(b) + 3*n(b). Let f = 13 - 9. Suppose 0 = f*x - 16, 5*x - 2*x + 3 = -3*w. Give j(w).
5
Let t = -74 - -80. Let a(p) = p**2 - 7*p - 8. What is a(t)?
-14
Let l(r) = -r + 2. Suppose -12*f - 8 = -10*f. Give l(f).
6
Let l be 3/(-12) - (-1)/4. Suppose l = -j + 3*m - 13, -4*j = -0*j + 4*m - 28. Let v(a) = 0*a + 3 - a + j*a. Calculate v(-4).
-1
Suppose 17 + 1 = -3*r. Let p = -22 - -31. Let d = p + r. Let a(c) = -c**3 + 4*c**2 - 5*c + 3. Calculate a(d).
-3
Let y(g) = -3*g**2 - 18*g + 23. Let h(o) = -2*o**2 - 9*o + 12. Let f(t) = 5*h(t) - 3*y(t). Determine f(7).
5
Let v(f) be the first derivative of -3*f**2/2 + 6*f - 1. Let u = 4 - 0. What is v(u)?
-6
Let o be 100/(-14) + 37/259. Let u(t) = -t**3 - 8*t**2 - 7*t + 5. Determine u(o).
5
Let p(m) = m**3 + 4*m**2 + 2*m - 3. Let x be p(-3). Suppose x = 21*o - 19*o - 12. Let z(c) = -3*c + 2*c + 2 + 6. What is z(o)?
2
Suppose 0 = -6*v + 2*v - 4. Let h(w) be the first derivative of -w**4/2 + 2*w**3/3 + w**2 + w - 1. Give h(v).
3
Let i(r) = 18*r**3 + r - r + 6*r**2 + 1 - 17*r**3. What is i(-6)?
1
Let u(d) be the third derivative of -d**5/30 - 5*d**4/24 - d**3/2 - 3*d**2. Let a(b) = 2*b - b - 7 - 4*b**2 - 12*b. Let g(j) = -2*a(j) + 5*u(j). What is g(-2)?
-3
Let a(j) = -9 + 198*j**2 - 197*j**2 + 8*j - 2*j. Calculate a(-7).
-2
Suppose 5*x + 2*d - 46 = 6*d, 0 = -3*x - 5*d - 2. Suppose 0 = -u + 2*u + x. Let m(r) = r**2 + 7*r + 2. What is m(u)?
-4
Suppose 0 = -5*y - 2 + 27. Let t(v) be the third derivative of -v**5/60 + 7*v**4/24 + v**3/3 - 20*v**2. Give t(y).
12
Suppose -4*w - 3*x - 4 = 0, 1 + 23 = 4*w - 4*x. Let g be 4/((5 - 1)/w). Let q(m) = -1. Let b(z) = 6*z - 5. Let u(d) = -b(d) + 4*q(d). Determine u(g).
-11
Let n(b) = b + 5. Let p = 1 + 1. Let a(r) = 4*r + 26. Let d(v) = p*a(v) - 11*n(v). Calculate d(-2).
3
Suppose 3*z + r - 8 = 0, r = -5*z - 2*r + 8. Let h(o) be the third derivative of -o**4/24 - 2*o**3/3 + 17*o**2 - 1. Determine h(z).
-8
Let t(z) = -z + 6. Suppose 17 = s + 4*q + 3, 3*s - 14 = 2*q. What is t(s)?
0
Let j(f) = -f**2 + 2. Let i be ((-16)/(-1))/(6 - 4). Let d(g) = g - 6. Let k be d(i). What is j(k)?
-2
Suppose 0 = 2*y + 2 - 6. Let x(u) be the second derivative of 0 - 1/2*u**2 - 1/2*u**3 + y*u + 1/3*u**4 - 1/20*u**5. Determine x(3).
-1
Let t(i) be the first derivative of i**3/3 - i**2 - i + 60. What is t(5)?
14
Let b(h) = -3 + h**3 - 1 - 2 - h + h**2 + 2. What is b(0)?
-4
Let y be (-6)/2*6/3. Let g(t) = -t**3 - 6*t**2 + 3. Calculate g(y).
3
Let v be (3/(-2))/(3/(-8)). Let u(y) = 0*y - y + 2*y - v. Determine u(0).
-4
Suppose -2*u - 3 = -d - 3*u, -3*d - 5*u = -15. Let v(k) = -k**3 + k**2 + 6. Calculate v(d).
6
Let i(b) = 4*b - 2*b - b + 2*b - 1. What is i(1)?
2
Let j(f) = -5*f**2 + f - 1. Let g(p) = p**2 - 4*p + 4. Let b be g(3). Suppose -c - b = -2. Calculate j(c).
-5
Let y(v) = v + 1. Let b be y(-5). Let m(h) = h**2 - 2. Determine m(b).
14
Let x = 34 + -28. Let w(f) = f - 14. Determine w(x).
-8
Let w(s) = -s - 1. Let u(d) = -d**3 + 23*d**2 - 24*d + 33. Let p be u(22). Calculate w(p).
10
Let q be 9/((-9)/(-40)) + -4. Let b(u) = 3*u - q + 73 - 41. Calculate b(3).
5
Let o be (-4)/(-6) - 13/(-3). Let f(x) be the first derivative of -1/2*x**2 + 3 + 7*x. Calculate f(o).
2
Let b(p) = p**3 - 4*p**2 + p - 1. Let a = -2 + 4. Let g(i) be the third derivative of i**4/24 - 2*i**2. Let k be g(a). What is b(k)?
-7
Let i(d) = -5*d**3 + 4*d**2 - 4*d + 1. Let r(j) = -4*j**3 + 3*j**2 - 3*j + 1. Let c(v) = -3*i(v) + 4*r(v). What is c(0)?
1
Suppose 3*k - 1 = -10. Let u(t) = -3*t + 4. What is u(k)?
13
Let b(d) = -d**2 - 2*d + 8. Let u(a) = -3*a**2 - 5*a + 23. Suppose -9 = -p - 1. Let y(o) = p*b(o) - 3*u(o). What is y(0)?
-5
Suppose 0 = -w - 0 - 2. Let y(q) be the second derivative of q**4/12 + q**3/2 - q**2 - 3*q. What is y(w)?
-4
Let r(d) be the third derivative of -d**6/120 - d**4/8 + d**3/2 + 4*d**2. What is r(2)?
-11
Let i(y) = -9*y**3 - y**2 - 6*y - 15. Let j(a) = 5*a**3 + 3*a + 8. Let m(w) = 4*i(w) + 7*j(w). What is m(-4)?
8
Let p = -3 - -8. Let g(r) = -1 + 15*r + p - 10*r. Give g(-3).
-11
Let i(x) = -9*x - 1 - 1 + 11*x. Let a(k) = 3*k - 2. Let n(p) = -4*a(p) + 5*i(p). Calculate n(-2).
2
Let d(i) = -2*i + 6*i**3 + 1 + 2031*i**2 - 2029*i**2 - 2*i**3. What is d(1)?
5
Let h(q) = q + 2. Suppose 3*c - 14 = 4*c - 3*g, 3*c - g + 2 = 0. Let t(m) = -m. Let p(s) = c*h(s) + 2*t(s). What is p(-4)?
6
Suppose 0*b + 5*b - 40 = 0. Suppose -12*o - b = -14*o. Let r(p) = p**3 - 3*p**2 - 4*p + 6. Give r(o).
6
Suppose -s + 52 = 2*x + 2*s, 2*x + 5*s = 60. Suppose 4*z = -2*l - x, -z + 8*l + 6 = 3*l. Let n(b) = b. Give n(z).
-4
Let m(k) = -62 + 2*k - 61 + 123. Let q = 10 + -6. Calculate m(q).
8
Let d be 4/(-10) + 7/5. Suppose h = -d - 2. Let i(l) = 2*l + 1. Give i(h).
-5
Let l be -10 - (-2 - 1 - -3). Let d(c) = c + 13. Determine d(l).
3
Let t be -3*(-3)/(3 - 0). Let r(p) = -p**3 + 4*p**2 - 2*p - 4. Give r(t).
-1
Let b(s) = 7*s**2 - 13*s - 3. Let u(f) = 11*f**2 - 20*f - 5. Suppose 0 = 3*a - 9 - 6. Let w(x) = a*u(x) - 8*b(x). What is w(5)?
-6
Let q(c) = -c**2 - 4*c + 5. Let y(h) = 5*h**2 + h + 10. Let f(s) = -s**2 - s - 1. Let z(k) = -6*f(k) - y(k). Let a be z(-5). Calculate q(a).
5
Let y = 6 - 7. Let z be -2 - y - (-2 - -1). Let g(a) = a**3 - a**2 - a - 1. Calculate g(z).
-1
Let k(o) = -o**3 - 5*o**2 - 3*o + 4. Let p be (-22)/(-6) + (-2)/3. Suppose 5*j - 5*t = p + 7, -4*t = -12. Let q = j + -9. What is k(q)?
0
Let w be 2/((-1)/(-3)*1). Suppose -6 = -4*c + w. Let z(j) = j**2 + 7*j - c*j + 0 + 2. Give z(-3).
-1
Let w(x) = x**2 + 6*x + 7. Let u be w(-5). Let p = 7 + -7. Let z(l) = -2 + 2*l - l + p. What is z(u)?
0
Let k(p) = -4*p**2 - 5*p**3 - 3*p**2 - 8*p + 4*p**3. Suppose -11*y - 2 = 64. Calculate k